7, 23, 10853
List the prime factors of 72719568.
2, 3, 41, 109, 113
What are the prime factors of 131277687?
3, 43759229
What are the prime factors of 292158383?
11, 19, 29, 43, 59
What are the prime factors of 14980266?
2, 3, 7, 118891
What are the prime factors of 868064822?
2, 43, 191, 1229
What are the prime factors of 676416377?
7, 13, 191, 38917
List the prime factors of 46429098.
2, 3, 1451, 5333
List the prime factors of 53490471.
3, 29, 113, 5441
What are the prime factors of 998166782?
2, 499083391
What are the prime factors of 138673633?
7, 31, 639049
What are the prime factors of 78534175?
5, 29, 149, 727
List the prime factors of 676743240.
2, 3, 5, 5639527
List the prime factors of 1417552759.
7, 47, 4308671
What are the prime factors of 2917018971?
3, 1061, 305479
What are the prime factors of 20280568?
2, 7, 11, 41, 73
What are the prime factors of 7242057227?
257, 431, 65381
What are the prime factors of 944627616?
2, 3, 277, 3947
What are the prime factors of 67136454?
2, 3, 7, 11, 59, 821
List the prime factors of 7063987.
7, 144163
List the prime factors of 373828411.
11, 31, 99661
What are the prime factors of 227310504?
2, 3, 2957, 3203
List the prime factors of 267291064.
2, 33411383
List the prime factors of 913241543.
913241543
What are the prime factors of 117663899?
313, 375923
What are the prime factors of 5260163?
5260163
List the prime factors of 113793922.
2, 11, 5172451
List the prime factors of 583107476.
2, 7, 20825267
List the prime factors of 60934614.
2, 3, 13, 71, 11003
What are the prime factors of 61531139?
19, 3238481
List the prime factors of 140952829.
59, 2389031
What are the prime factors of 138319326?
2, 3, 853823
List the prime factors of 137043061.
1039, 131899
List the prime factors of 54555939.
3, 31, 195541
What are the prime factors of 1476204595?
5, 295240919
List the prime factors of 32562011.
311, 104701
List the prime factors of 4994560.
2, 5, 1951
List the prime factors of 164538831.
3, 277, 389, 509
What are the prime factors of 509711193?
3, 47, 139, 8669
What are the prime factors of 249881242?
2, 13, 1097, 8761
What are the prime factors of 2316289622?
2, 1158144811
What are the prime factors of 56194759?
56194759
List the prime factors of 584043867.
3, 11, 607, 9719
List the prime factors of 14677687.
809, 18143
List the prime factors of 55517443.
55517443
List the prime factors of 119917992.
2, 3, 431, 11593
List the prime factors of 4391625315.
3, 5, 7, 11, 53, 71741
What are the prime factors of 1142122506?
2, 3, 7, 27193393
List the prime factors of 398614776.
2, 3, 7, 17, 139571
List the prime factors of 1257271702.
2, 628635851
What are the prime factors of 95872675?
5, 3834907
What are the prime factors of 39207693?
3, 7, 266719
List the prime factors of 739913853.
3, 7, 349, 100957
List the prime factors of 1201940590.
2, 5, 120194059
List the prime factors of 238444002.
2, 3, 31, 569, 751
List the prime factors of 46046857.
1423, 32359
List the prime factors of 62959418.
2, 23, 1368683
What are the prime factors of 1394295348?
2, 3, 116191279
What are the prime factors of 1170101048?
2, 29, 109, 46271
List the prime factors of 57728969.
5417, 10657
What are the prime factors of 2327462?
2, 19, 23, 2663
List the prime factors of 391173408.
2, 3, 43, 10529
List the prime factors of 105453873.
3, 7, 17, 23, 1427
List the prime factors of 211827754.
2, 4337, 24421
What are the prime factors of 1432786999?
7, 227, 128813
What are the prime factors of 147557637?
3, 17, 463, 2083
What are the prime factors of 1284529382?
2, 642264691
List the prime factors of 1008867909.
3, 7, 19, 361213
What are the prime factors of 399512549?
47, 139, 61153
What are the prime factors of 30392439?
3, 7, 11, 41, 3209
What are the prime factors of 1686461598?
2, 3, 93692311
List the prime factors of 11185204.
2, 61, 45841
List the prime factors of 193215868.
2, 733, 65899
List the prime factors of 575811299.
7, 11751251
What are the prime factors of 315328108?
2, 78832027
List the prime factors of 243043580.
2, 5, 13, 47, 19889
What are the prime factors of 190150423?
17, 19, 571, 1031
List the prime factors of 92300335.
5, 569, 32443
List the prime factors of 74149643.
74149643
List the prime factors of 45585697.
599, 76103
What are the prime factors of 1290859656?
2, 3, 43, 193, 6481
List the prime factors of 2802904934.
2, 67, 73, 101, 2837
List the prime factors of 64324167.
3, 37, 579497
What are the prime factors of 15678304?
2, 97, 5051
List the prime factors of 1105142671.
593, 1863647
What are the prime factors of 73861260?
2, 3, 5, 11, 17, 29, 227
What are the prime factors of 3188430341?
37, 1229, 70117
List the prime factors of 109253410.
2, 5, 7, 181, 8623
What are the prime factors of 1160730?
2, 3, 5, 1433
List the prime factors of 3593058304.
2, 11, 349, 457
List the prime factors of 73286325.
3, 5, 7, 19, 31, 79
What are the prime factors of 400888737?
3, 14847731
What are the prime factors of 6989171172?
2, 3, 17, 34260643
What are the prime factors of 18893912?
2, 643, 3673
List the prime factors of 771719801.
89, 8671009
What are the prime factors of 261539205?
3, 5, 41, 163, 2609
List the prime factors of 278602230.
2, 3, 5, 37, 250993
List the prime factors of 3117525730.
2, 5, 11, 263, 107761
List the prime factors of 4819849307.
7, 13, 599, 88423
What are the prime factors of 754716533?
17987, 41959
What are the prime factors of 1088627?
31, 35117
List the prime factors of 7240787862.
2, 3, 7, 11, 19, 31, 41, 59
What are the prime factors of 22032435?
3, 5, 1129, 1301
What are the prime factors of 641234674?
2, 1741, 184157
List the prime factors of 73075915.
5, 11, 1328653
List the prime factors of 340870081.
59, 5777459
What are the prime factors of 615323238?
2, 3, 102553873
List the prime factors of 151952597.
151952597
What are the prime factors of 225747489?
3, 11, 457, 14969
List the prime factors of 946993768.
2, 7, 61, 277223
What are the prime factors of 66868282?
2, 13, 857, 3001
What are the prime factors of 152016735?
3, 5, 13, 779573
What are the prime factors of 33357911?
61, 233, 2347
What are the prime factors of 228104731?
23, 9917597
List the prime factors of 253813609.
7, 19, 1908373
What are the prime factors of 120158966?
2, 373, 161071
What are the prime factors of 320013282?
2, 3, 41, 97, 13411
What are the prime factors of 161612420?
2, 5, 8080621
What are the prime factors of 150939729?
3, 16771081
List the prime factors of 1411984.
2, 7, 1801
What are the prime factors of 1203023640?
2, 3, 5, 7, 13, 41, 2687
List the prime factors of 1280253363.
3, 181, 2357741
What are the prime factors of 101366717?
37, 79, 34679
What are the prime factors of 426315741?
3, 23, 2081, 2969
What are the prime factors of 62043768?
2, 3, 861719
What are the prime factors of 93542245?
5, 17, 83, 13259
List the prime factors of 153070716.
2, 3, 61, 79, 2647
List the prime factors of 701353627.
13, 53950279
What are the prime factors of 47545139?
83, 572833
List the prime factors of 642206.
2, 23, 607
What are the prime factors of 57610901?
61, 281, 3361
What are the prime factors of 5207745040?
2, 5, 65096813
What are the prime factors of 15339703?
15339703
What are the prime factors of 186037066?
2, 859, 108287
List the prime factors of 41088527.
379, 108413
What are the prime factors of 20131844?
2, 5032961
List the prime factors of 791603923.
11, 29, 2481517
List the prime factors of 14689181.
13, 79, 14303
List the prime factors of 8257763115.
3, 5, 7, 4423, 5927
List the prime factors of 121993739.
7, 593, 29389
What are the prime factors of 21357034?
2, 1889, 5653
List the prime factors of 1528436032.
2, 43, 555391
What are the prime factors of 204099175?
5, 7, 137, 8513
What are the prime factors of 40468417?
11, 37, 99431
List the prime factors of 211915947.
3, 109, 648061
List the prime factors of 222318048.
2, 3, 419, 5527
List the prime factors of 3419383403.
15439, 221477
What are the prime factors of 34470730?
2, 5, 7, 17, 83, 349
What are the prime factors of 38735728?
2, 151, 16033
List the prime factors of 2661979450.
2, 5, 13, 367, 11159
List the prime factors of 82216224.
2, 3, 285473
What are the prime factors of 23379698?
2, 11689849
What are th